{"id":1499,"date":"2021-03-08T09:01:41","date_gmt":"2021-03-08T09:01:41","guid":{"rendered":"https:\/\/martinymiguens.com.ar\/index.php\/about\/"},"modified":"2022-08-16T14:19:49","modified_gmt":"2022-08-16T14:19:49","slug":"nosotros","status":"publish","type":"page","link":"https:\/\/martinymiguens.com.ar\/index.php\/nosotros\/","title":{"rendered":"Nosotros"},"content":{"rendered":"\t\t<div data-elementor-type=\"wp-page\" data-elementor-id=\"1499\" class=\"elementor elementor-1499\">\n\t\t\t\t\t\t<div class=\"elementor-inner\">\n\t\t\t\t<div class=\"elementor-section-wrap\">\n\t\t\t\t\t\t\t\t\t<section class=\"elementor-section elementor-top-section elementor-element elementor-element-c322a0f elementor-section-boxed elementor-section-height-default elementor-section-height-default\" data-id=\"c322a0f\" data-element_type=\"section\" data-settings=\"{&quot;background_background&quot;:&quot;classic&quot;}\">\n\t\t\t\t\t\t<div class=\"elementor-container elementor-column-gap-no\">\n\t\t\t\t\t\t\t<div class=\"elementor-row\">\n\t\t\t\t\t<div class=\"elementor-column elementor-col-100 elementor-top-column elementor-element elementor-element-30d5858\" data-id=\"30d5858\" data-element_type=\"column\">\n\t\t\t<div class=\"elementor-column-wrap elementor-element-populated\">\n\t\t\t\t\t\t\t<div class=\"elementor-widget-wrap\">\n\t\t\t\t\t\t<div class=\"elementor-element elementor-element-c86ab07 elementor-widget elementor-widget-heading\" data-id=\"c86ab07\" data-element_type=\"widget\" data-widget_type=\"heading.default\">\n\t\t\t\t<div class=\"elementor-widget-container\">\n\t\t\t<h1 class=\"elementor-heading-title elementor-size-default\">Nosotros<\/h1>\t\t<\/div>\n\t\t\t\t<\/div>\n\t\t\t\t\t\t<\/div>\n\t\t\t\t\t<\/div>\n\t\t<\/div>\n\t\t\t\t\t\t\t\t<\/div>\n\t\t\t\t\t<\/div>\n\t\t<\/section>\n\t\t\t\t<section class=\"elementor-section elementor-top-section elementor-element elementor-element-9e3azm3 elementor-section-content-top elementor-section-boxed elementor-section-height-default elementor-section-height-default\" data-id=\"9e3azm3\" data-element_type=\"section\" data-settings=\"{&quot;background_background&quot;:&quot;classic&quot;}\">\n\t\t\t\t\t\t\t<div class=\"elementor-background-overlay\"><\/div>\n\t\t\t\t\t\t\t<div class=\"elementor-container elementor-column-gap-no\">\n\t\t\t\t\t\t\t<div class=\"elementor-row\">\n\t\t\t\t\t<div class=\"elementor-column elementor-col-100 elementor-top-column elementor-element elementor-element-36e7ccd\" data-id=\"36e7ccd\" data-element_type=\"column\">\n\t\t\t<div class=\"elementor-column-wrap elementor-element-populated\">\n\t\t\t\t\t\t\t<div class=\"elementor-widget-wrap\">\n\t\t\t\t\t\t<div class=\"elementor-element elementor-element-febb385 elementor-widget elementor-widget-heading\" data-id=\"febb385\" data-element_type=\"widget\" data-widget_type=\"heading.default\">\n\t\t\t\t<div class=\"elementor-widget-container\">\n\t\t\t<h2 class=\"elementor-heading-title elementor-size-default\">El Estudio<\/h2>\t\t<\/div>\n\t\t\t\t<\/div>\n\t\t\t\t<div class=\"elementor-element elementor-element-e729a4a elementor-widget elementor-widget-heading\" data-id=\"e729a4a\" data-element_type=\"widget\" data-widget_type=\"heading.default\">\n\t\t\t\t<div class=\"elementor-widget-container\">\n\t\t\t<h5 class=\"elementor-heading-title elementor-size-default\">Con diferentes integrantes ha mantenido una continuidad desde hace mas de 75 a\u00f1os.\n\nEs un estudio que se ha caracterizado por la atenci\u00f3n directa y personalizada de sus socios, lo que ha permitido atender cuentas de importantes empresas nacionales y extranjeras.\n\nEjerce su actividad en todo el pa\u00eds, contando con corresponsales o estudios asociados en las provincias y en las principales ciudades y centros judiciales del interior.\n\nLos servicios ofrecidos abarcan tanto el \u00e1rea de asesoramiento corporativo como la contenciosa.<\/h5>\t\t<\/div>\n\t\t\t\t<\/div>\n\t\t\t\t<div class=\"elementor-element elementor-element-5ea1df2 elementor-widget elementor-widget-text-editor\" data-id=\"5ea1df2\" data-element_type=\"widget\" data-widget_type=\"text-editor.default\">\n\t\t\t\t<div class=\"elementor-widget-container\">\n\t\t\t\t\t\t\t\t<div class=\"elementor-text-editor elementor-clearfix\">\n\t\t\t\t<p><i>Contamos con una vasta experiencia y cartera de clientes en todo lo relacionado con las actividades mineras, con la fabricaci\u00f3n y comercializaci\u00f3n de maquinarias y equipos nacionales o importados relacionados en particular con la actividad de la construcci\u00f3n, el agro, la miner\u00eda\u00a0y la industria en general, que nos ha permitido &#8211; con mas de 30 a\u00f1os de asesoramiento &#8211; contar con un especial conocimiento de todas las tem\u00e1ticas relacionadas con las redes de concesionarios y agentes.<\/i><\/p><p>En materia judicial ejerce la representaci\u00f3n de sus clientes en diversos fueros (civil, comercial, contencioso, laboral, etc.) y en diferentes jurisdicciones (Capital Federal, Gran Buenos Aires o interior del pa\u00eds, federal o local). Con un departamento dedicado especialmente a recovery, cobranzas judiciales y litigios de alta complejidad, con principal conocimiento de la materia prendaria, que maneja una importante cartera de deudores de sus principales clientes.<\/p><p>Contamos con una \u00e1rea dedicada a la atenci\u00f3n de los temas relacionadas con el derecho civil, en especial lo vinculado con el derecho de la familia y sucesiones.<\/p><p>En los casos que por sus particularidades lo requieran, el Estudio trabaja en alianza o colaboraci\u00f3n con abogados consultores de reconocido prestigio.<\/p>\t\t\t\t\t<\/div>\n\t\t\t\t\t\t<\/div>\n\t\t\t\t<\/div>\n\t\t\t\t\t\t<\/div>\n\t\t\t\t\t<\/div>\n\t\t<\/div>\n\t\t\t\t\t\t\t\t<\/div>\n\t\t\t\t\t<\/div>\n\t\t<\/section>\n\t\t\t\t\t\t\t\t\t<\/div>\n\t\t\t<\/div>\n\t\t\t\t\t<\/div>\n\t\t","protected":false},"excerpt":{"rendered":"<p>Nosotros El Estudio Con diferentes integrantes ha mantenido una continuidad desde hace mas de 75 a\u00f1os. Es un estudio que se ha caracterizado por la atenci\u00f3n directa y personalizada de sus socios, lo que ha permitido atender cuentas de importantes empresas nacionales y extranjeras. Ejerce su actividad en todo el pa\u00eds, contando con corresponsales o &hellip;<\/p>\n<p class=\"read-more\"> <a class=\"\" href=\"https:\/\/martinymiguens.com.ar\/index.php\/nosotros\/\"> <span class=\"screen-reader-text\">Nosotros<\/span> Leer m\u00e1s &raquo;<\/a><\/p>\n","protected":false},"author":1,"featured_media":0,"parent":0,"menu_order":0,"comment_status":"closed","ping_status":"closed","template":"","meta":{"site-sidebar-layout":"no-sidebar","site-content-layout":"page-builder","ast-global-header-display":"","ast-main-header-display":"","ast-hfb-above-header-display":"","ast-hfb-below-header-display":"","ast-hfb-mobile-header-display":"","site-post-title":"disabled","ast-breadcrumbs-content":"disabled","ast-featured-img":"disabled","footer-sml-layout":"","theme-transparent-header-meta":"enabled","adv-header-id-meta":"","stick-header-meta":"","header-above-stick-meta":"","header-main-stick-meta":"","header-below-stick-meta":""},"yoast_head":"<!-- This site is optimized with the Yoast SEO plugin v19.4 - https:\/\/yoast.com\/wordpress\/plugins\/seo\/ -->\r\n<title>Nosotros - Martin y Miguens Abogados<\/title>\r\n<meta name=\"description\" content=\"Con diferentes integrantes ha mantenido una continuidad desde hace mas de 75 a\u00f1os. Es un estudio que se ha caracterizado por la atenci\u00f3n directa y personalizada de sus socios, lo que ha permitido atender cuentas de importantes empresas nacionales y extranjeras. Ejerce su actividad en todo el pa\u00eds, contando con corresponsales o estudios asociados en las provincias y en las principales ciudades y centros judiciales del interior. Los servicios ofrecidos abarcan tanto el \u00e1rea de asesoramiento corporativo como la contenciosa. Ejerce su actividad en todo el pa\u00eds, contando con corresponsales o estudios asociados en las provincias y en las principales ciudades y centros judiciales del interior. Los servicios ofrecidos abarcan tanto el \u00e1rea de asesoramiento corporativo como la contenciosa. Contamos con una vasta experiencia y cartera de clientes en todo lo relacionado con las actividades mineras, con la fabricaci\u00f3n y comercializaci\u00f3n de maquinarias y equipos nacionales o importados relacionados en particular con la actividad de la construcci\u00f3n, el agro, la miner\u00eda y la industria en general, que nos ha permitido \u2013 con mas de 30 a\u00f1os de asesoramiento \u2013 contar con un especial conocimiento de todas las tem\u00e1ticas relacionadas con las redes de concesionarios y agentes. En materia judicial ejerce la representaci\u00f3n de sus clientes en diversos fueros (civil, comercial, contencioso, laboral, etc.) y en diferentes jurisdicciones (Capital Federal, Gran Buenos Aires o interior del pa\u00eds, federal o local). Con un departamento dedicado especialmente a recovery, cobranzas judiciales y litigios de alta complejidad, con principal conocimiento de la materia prendaria, que maneja una importante cartera de deudores de sus principales clientes. Contamos con una \u00e1rea dedicada a la atenci\u00f3n de los temas relacionadas con el derecho civil, en especial lo vinculado con el derecho de la familia y sucesiones. En los casos que por sus particularidades lo requieran, el Estudio trabaja en alianza o colaboraci\u00f3n con abogados consultores de reconocido prestigio.\" \/>\r\n<meta name=\"robots\" content=\"index, follow, max-snippet:-1, max-image-preview:large, max-video-preview:-1\" \/>\r\n<link rel=\"canonical\" href=\"https:\/\/martinymiguens.com.ar\/index.php\/nosotros\/\" \/>\r\n<meta property=\"og:locale\" content=\"es_ES\" \/>\r\n<meta property=\"og:type\" content=\"article\" \/>\r\n<meta property=\"og:title\" content=\"Nosotros - Martin y Miguens Abogados\" \/>\r\n<meta property=\"og:description\" content=\"Con diferentes integrantes ha mantenido una continuidad desde hace mas de 75 a\u00f1os. Es un estudio que se ha caracterizado por la atenci\u00f3n directa y personalizada de sus socios, lo que ha permitido atender cuentas de importantes empresas nacionales y extranjeras. Ejerce su actividad en todo el pa\u00eds, contando con corresponsales o estudios asociados en las provincias y en las principales ciudades y centros judiciales del interior. Los servicios ofrecidos abarcan tanto el \u00e1rea de asesoramiento corporativo como la contenciosa. Ejerce su actividad en todo el pa\u00eds, contando con corresponsales o estudios asociados en las provincias y en las principales ciudades y centros judiciales del interior. Los servicios ofrecidos abarcan tanto el \u00e1rea de asesoramiento corporativo como la contenciosa. Contamos con una vasta experiencia y cartera de clientes en todo lo relacionado con las actividades mineras, con la fabricaci\u00f3n y comercializaci\u00f3n de maquinarias y equipos nacionales o importados relacionados en particular con la actividad de la construcci\u00f3n, el agro, la miner\u00eda y la industria en general, que nos ha permitido \u2013 con mas de 30 a\u00f1os de asesoramiento \u2013 contar con un especial conocimiento de todas las tem\u00e1ticas relacionadas con las redes de concesionarios y agentes. En materia judicial ejerce la representaci\u00f3n de sus clientes en diversos fueros (civil, comercial, contencioso, laboral, etc.) y en diferentes jurisdicciones (Capital Federal, Gran Buenos Aires o interior del pa\u00eds, federal o local). Con un departamento dedicado especialmente a recovery, cobranzas judiciales y litigios de alta complejidad, con principal conocimiento de la materia prendaria, que maneja una importante cartera de deudores de sus principales clientes. Contamos con una \u00e1rea dedicada a la atenci\u00f3n de los temas relacionadas con el derecho civil, en especial lo vinculado con el derecho de la familia y sucesiones. En los casos que por sus particularidades lo requieran, el Estudio trabaja en alianza o colaboraci\u00f3n con abogados consultores de reconocido prestigio.\" \/>\r\n<meta property=\"og:url\" content=\"https:\/\/martinymiguens.com.ar\/index.php\/nosotros\/\" \/>\r\n<meta property=\"og:site_name\" content=\"Martin y Miguens Abogados\" \/>\r\n<meta property=\"article:modified_time\" content=\"2022-08-16T14:19:49+00:00\" \/>\r\n<meta name=\"twitter:card\" content=\"summary_large_image\" \/>\r\n<meta name=\"twitter:label1\" content=\"Tiempo de lectura\" \/>\n\t<meta name=\"twitter:data1\" content=\"2 minutos\" \/>\r\n<script type=\"application\/ld+json\" class=\"yoast-schema-graph\">{\"@context\":\"https:\/\/schema.org\",\"@graph\":[{\"@type\":\"Organization\",\"@id\":\"https:\/\/martinymiguens.com.ar\/#organization\",\"name\":\"Martin y Miguens Abogados\",\"url\":\"https:\/\/martinymiguens.com.ar\/\",\"sameAs\":[],\"logo\":{\"@type\":\"ImageObject\",\"inLanguage\":\"es\",\"@id\":\"https:\/\/martinymiguens.com.ar\/#\/schema\/logo\/image\/\",\"url\":\"https:\/\/martinymiguens.com.ar\/wp-content\/uploads\/2020\/07\/logo-principal-grande-1.png\",\"contentUrl\":\"https:\/\/martinymiguens.com.ar\/wp-content\/uploads\/2020\/07\/logo-principal-grande-1.png\",\"width\":734,\"height\":204,\"caption\":\"Martin y Miguens Abogados\"},\"image\":{\"@id\":\"https:\/\/martinymiguens.com.ar\/#\/schema\/logo\/image\/\"}},{\"@type\":\"WebSite\",\"@id\":\"https:\/\/martinymiguens.com.ar\/#website\",\"url\":\"https:\/\/martinymiguens.com.ar\/\",\"name\":\"Martin y Miguens Abogados\",\"description\":\"MyM\",\"publisher\":{\"@id\":\"https:\/\/martinymiguens.com.ar\/#organization\"},\"potentialAction\":[{\"@type\":\"SearchAction\",\"target\":{\"@type\":\"EntryPoint\",\"urlTemplate\":\"https:\/\/martinymiguens.com.ar\/?s={search_term_string}\"},\"query-input\":\"required name=search_term_string\"}],\"inLanguage\":\"es\"},{\"@type\":\"WebPage\",\"@id\":\"https:\/\/martinymiguens.com.ar\/index.php\/nosotros\/\",\"url\":\"https:\/\/martinymiguens.com.ar\/index.php\/nosotros\/\",\"name\":\"Nosotros - Martin y Miguens Abogados\",\"isPartOf\":{\"@id\":\"https:\/\/martinymiguens.com.ar\/#website\"},\"datePublished\":\"2021-03-08T09:01:41+00:00\",\"dateModified\":\"2022-08-16T14:19:49+00:00\",\"description\":\"Con diferentes integrantes ha mantenido una continuidad desde hace mas de 75 a\u00f1os. Es un estudio que se ha caracterizado por la atenci\u00f3n directa y personalizada de sus socios, lo que ha permitido atender cuentas de importantes empresas nacionales y extranjeras. Ejerce su actividad en todo el pa\u00eds, contando con corresponsales o estudios asociados en las provincias y en las principales ciudades y centros judiciales del interior. Los servicios ofrecidos abarcan tanto el \u00e1rea de asesoramiento corporativo como la contenciosa. Ejerce su actividad en todo el pa\u00eds, contando con corresponsales o estudios asociados en las provincias y en las principales ciudades y centros judiciales del interior. Los servicios ofrecidos abarcan tanto el \u00e1rea de asesoramiento corporativo como la contenciosa. Contamos con una vasta experiencia y cartera de clientes en todo lo relacionado con las actividades mineras, con la fabricaci\u00f3n y comercializaci\u00f3n de maquinarias y equipos nacionales o importados relacionados en particular con la actividad de la construcci\u00f3n, el agro, la miner\u00eda y la industria en general, que nos ha permitido \u2013 con mas de 30 a\u00f1os de asesoramiento \u2013 contar con un especial conocimiento de todas las tem\u00e1ticas relacionadas con las redes de concesionarios y agentes. En materia judicial ejerce la representaci\u00f3n de sus clientes en diversos fueros (civil, comercial, contencioso, laboral, etc.) y en diferentes jurisdicciones (Capital Federal, Gran Buenos Aires o interior del pa\u00eds, federal o local). Con un departamento dedicado especialmente a recovery, cobranzas judiciales y litigios de alta complejidad, con principal conocimiento de la materia prendaria, que maneja una importante cartera de deudores de sus principales clientes. Contamos con una \u00e1rea dedicada a la atenci\u00f3n de los temas relacionadas con el derecho civil, en especial lo vinculado con el derecho de la familia y sucesiones. En los casos que por sus particularidades lo requieran, el Estudio trabaja en alianza o colaboraci\u00f3n con abogados consultores de reconocido prestigio.\",\"breadcrumb\":{\"@id\":\"https:\/\/martinymiguens.com.ar\/index.php\/nosotros\/#breadcrumb\"},\"inLanguage\":\"es\",\"potentialAction\":[{\"@type\":\"ReadAction\",\"target\":[\"https:\/\/martinymiguens.com.ar\/index.php\/nosotros\/\"]}]},{\"@type\":\"BreadcrumbList\",\"@id\":\"https:\/\/martinymiguens.com.ar\/index.php\/nosotros\/#breadcrumb\",\"itemListElement\":[{\"@type\":\"ListItem\",\"position\":1,\"name\":\"Portada\",\"item\":\"https:\/\/martinymiguens.com.ar\/\"},{\"@type\":\"ListItem\",\"position\":2,\"name\":\"Nosotros\"}]}]}<\/script>\r\n<!-- \/ Yoast SEO plugin. -->","yoast_head_json":{"title":"Nosotros - Martin y Miguens Abogados","description":"Con diferentes integrantes ha mantenido una continuidad desde hace mas de 75 a\u00f1os. Es un estudio que se ha caracterizado por la atenci\u00f3n directa y personalizada de sus socios, lo que ha permitido atender cuentas de importantes empresas nacionales y extranjeras. Ejerce su actividad en todo el pa\u00eds, contando con corresponsales o estudios asociados en las provincias y en las principales ciudades y centros judiciales del interior. Los servicios ofrecidos abarcan tanto el \u00e1rea de asesoramiento corporativo como la contenciosa. Ejerce su actividad en todo el pa\u00eds, contando con corresponsales o estudios asociados en las provincias y en las principales ciudades y centros judiciales del interior. Los servicios ofrecidos abarcan tanto el \u00e1rea de asesoramiento corporativo como la contenciosa. Contamos con una vasta experiencia y cartera de clientes en todo lo relacionado con las actividades mineras, con la fabricaci\u00f3n y comercializaci\u00f3n de maquinarias y equipos nacionales o importados relacionados en particular con la actividad de la construcci\u00f3n, el agro, la miner\u00eda y la industria en general, que nos ha permitido \u2013 con mas de 30 a\u00f1os de asesoramiento \u2013 contar con un especial conocimiento de todas las tem\u00e1ticas relacionadas con las redes de concesionarios y agentes. En materia judicial ejerce la representaci\u00f3n de sus clientes en diversos fueros (civil, comercial, contencioso, laboral, etc.) y en diferentes jurisdicciones (Capital Federal, Gran Buenos Aires o interior del pa\u00eds, federal o local). Con un departamento dedicado especialmente a recovery, cobranzas judiciales y litigios de alta complejidad, con principal conocimiento de la materia prendaria, que maneja una importante cartera de deudores de sus principales clientes. Contamos con una \u00e1rea dedicada a la atenci\u00f3n de los temas relacionadas con el derecho civil, en especial lo vinculado con el derecho de la familia y sucesiones. En los casos que por sus particularidades lo requieran, el Estudio trabaja en alianza o colaboraci\u00f3n con abogados consultores de reconocido prestigio.","robots":{"index":"index","follow":"follow","max-snippet":"max-snippet:-1","max-image-preview":"max-image-preview:large","max-video-preview":"max-video-preview:-1"},"canonical":"https:\/\/martinymiguens.com.ar\/index.php\/nosotros\/","og_locale":"es_ES","og_type":"article","og_title":"Nosotros - Martin y Miguens Abogados","og_description":"Con diferentes integrantes ha mantenido una continuidad desde hace mas de 75 a\u00f1os. Es un estudio que se ha caracterizado por la atenci\u00f3n directa y personalizada de sus socios, lo que ha permitido atender cuentas de importantes empresas nacionales y extranjeras. Ejerce su actividad en todo el pa\u00eds, contando con corresponsales o estudios asociados en las provincias y en las principales ciudades y centros judiciales del interior. Los servicios ofrecidos abarcan tanto el \u00e1rea de asesoramiento corporativo como la contenciosa. Ejerce su actividad en todo el pa\u00eds, contando con corresponsales o estudios asociados en las provincias y en las principales ciudades y centros judiciales del interior. Los servicios ofrecidos abarcan tanto el \u00e1rea de asesoramiento corporativo como la contenciosa. Contamos con una vasta experiencia y cartera de clientes en todo lo relacionado con las actividades mineras, con la fabricaci\u00f3n y comercializaci\u00f3n de maquinarias y equipos nacionales o importados relacionados en particular con la actividad de la construcci\u00f3n, el agro, la miner\u00eda y la industria en general, que nos ha permitido \u2013 con mas de 30 a\u00f1os de asesoramiento \u2013 contar con un especial conocimiento de todas las tem\u00e1ticas relacionadas con las redes de concesionarios y agentes. En materia judicial ejerce la representaci\u00f3n de sus clientes en diversos fueros (civil, comercial, contencioso, laboral, etc.) y en diferentes jurisdicciones (Capital Federal, Gran Buenos Aires o interior del pa\u00eds, federal o local). Con un departamento dedicado especialmente a recovery, cobranzas judiciales y litigios de alta complejidad, con principal conocimiento de la materia prendaria, que maneja una importante cartera de deudores de sus principales clientes. Contamos con una \u00e1rea dedicada a la atenci\u00f3n de los temas relacionadas con el derecho civil, en especial lo vinculado con el derecho de la familia y sucesiones. En los casos que por sus particularidades lo requieran, el Estudio trabaja en alianza o colaboraci\u00f3n con abogados consultores de reconocido prestigio.","og_url":"https:\/\/martinymiguens.com.ar\/index.php\/nosotros\/","og_site_name":"Martin y Miguens Abogados","article_modified_time":"2022-08-16T14:19:49+00:00","twitter_card":"summary_large_image","twitter_misc":{"Tiempo de lectura":"2 minutos"},"schema":{"@context":"https:\/\/schema.org","@graph":[{"@type":"Organization","@id":"https:\/\/martinymiguens.com.ar\/#organization","name":"Martin y Miguens Abogados","url":"https:\/\/martinymiguens.com.ar\/","sameAs":[],"logo":{"@type":"ImageObject","inLanguage":"es","@id":"https:\/\/martinymiguens.com.ar\/#\/schema\/logo\/image\/","url":"https:\/\/martinymiguens.com.ar\/wp-content\/uploads\/2020\/07\/logo-principal-grande-1.png","contentUrl":"https:\/\/martinymiguens.com.ar\/wp-content\/uploads\/2020\/07\/logo-principal-grande-1.png","width":734,"height":204,"caption":"Martin y Miguens Abogados"},"image":{"@id":"https:\/\/martinymiguens.com.ar\/#\/schema\/logo\/image\/"}},{"@type":"WebSite","@id":"https:\/\/martinymiguens.com.ar\/#website","url":"https:\/\/martinymiguens.com.ar\/","name":"Martin y Miguens Abogados","description":"MyM","publisher":{"@id":"https:\/\/martinymiguens.com.ar\/#organization"},"potentialAction":[{"@type":"SearchAction","target":{"@type":"EntryPoint","urlTemplate":"https:\/\/martinymiguens.com.ar\/?s={search_term_string}"},"query-input":"required name=search_term_string"}],"inLanguage":"es"},{"@type":"WebPage","@id":"https:\/\/martinymiguens.com.ar\/index.php\/nosotros\/","url":"https:\/\/martinymiguens.com.ar\/index.php\/nosotros\/","name":"Nosotros - Martin y Miguens Abogados","isPartOf":{"@id":"https:\/\/martinymiguens.com.ar\/#website"},"datePublished":"2021-03-08T09:01:41+00:00","dateModified":"2022-08-16T14:19:49+00:00","description":"Con diferentes integrantes ha mantenido una continuidad desde hace mas de 75 a\u00f1os. Es un estudio que se ha caracterizado por la atenci\u00f3n directa y personalizada de sus socios, lo que ha permitido atender cuentas de importantes empresas nacionales y extranjeras. Ejerce su actividad en todo el pa\u00eds, contando con corresponsales o estudios asociados en las provincias y en las principales ciudades y centros judiciales del interior. Los servicios ofrecidos abarcan tanto el \u00e1rea de asesoramiento corporativo como la contenciosa. Ejerce su actividad en todo el pa\u00eds, contando con corresponsales o estudios asociados en las provincias y en las principales ciudades y centros judiciales del interior. Los servicios ofrecidos abarcan tanto el \u00e1rea de asesoramiento corporativo como la contenciosa. Contamos con una vasta experiencia y cartera de clientes en todo lo relacionado con las actividades mineras, con la fabricaci\u00f3n y comercializaci\u00f3n de maquinarias y equipos nacionales o importados relacionados en particular con la actividad de la construcci\u00f3n, el agro, la miner\u00eda y la industria en general, que nos ha permitido \u2013 con mas de 30 a\u00f1os de asesoramiento \u2013 contar con un especial conocimiento de todas las tem\u00e1ticas relacionadas con las redes de concesionarios y agentes. En materia judicial ejerce la representaci\u00f3n de sus clientes en diversos fueros (civil, comercial, contencioso, laboral, etc.) y en diferentes jurisdicciones (Capital Federal, Gran Buenos Aires o interior del pa\u00eds, federal o local). Con un departamento dedicado especialmente a recovery, cobranzas judiciales y litigios de alta complejidad, con principal conocimiento de la materia prendaria, que maneja una importante cartera de deudores de sus principales clientes. Contamos con una \u00e1rea dedicada a la atenci\u00f3n de los temas relacionadas con el derecho civil, en especial lo vinculado con el derecho de la familia y sucesiones. En los casos que por sus particularidades lo requieran, el Estudio trabaja en alianza o colaboraci\u00f3n con abogados consultores de reconocido prestigio.","breadcrumb":{"@id":"https:\/\/martinymiguens.com.ar\/index.php\/nosotros\/#breadcrumb"},"inLanguage":"es","potentialAction":[{"@type":"ReadAction","target":["https:\/\/martinymiguens.com.ar\/index.php\/nosotros\/"]}]},{"@type":"BreadcrumbList","@id":"https:\/\/martinymiguens.com.ar\/index.php\/nosotros\/#breadcrumb","itemListElement":[{"@type":"ListItem","position":1,"name":"Portada","item":"https:\/\/martinymiguens.com.ar\/"},{"@type":"ListItem","position":2,"name":"Nosotros"}]}]}},"_links":{"self":[{"href":"https:\/\/martinymiguens.com.ar\/index.php\/wp-json\/wp\/v2\/pages\/1499"}],"collection":[{"href":"https:\/\/martinymiguens.com.ar\/index.php\/wp-json\/wp\/v2\/pages"}],"about":[{"href":"https:\/\/martinymiguens.com.ar\/index.php\/wp-json\/wp\/v2\/types\/page"}],"author":[{"embeddable":true,"href":"https:\/\/martinymiguens.com.ar\/index.php\/wp-json\/wp\/v2\/users\/1"}],"replies":[{"embeddable":true,"href":"https:\/\/martinymiguens.com.ar\/index.php\/wp-json\/wp\/v2\/comments?post=1499"}],"version-history":[{"count":21,"href":"https:\/\/martinymiguens.com.ar\/index.php\/wp-json\/wp\/v2\/pages\/1499\/revisions"}],"predecessor-version":[{"id":1904,"href":"https:\/\/martinymiguens.com.ar\/index.php\/wp-json\/wp\/v2\/pages\/1499\/revisions\/1904"}],"wp:attachment":[{"href":"https:\/\/martinymiguens.com.ar\/index.php\/wp-json\/wp\/v2\/media?parent=1499"}],"curies":[{"name":"wp","href":"https:\/\/api.w.org\/{rel}","templated":true}]}}